).
38
Let f(r) = 2*r**2 - 98*r + 78. Calculate f(48).
-18
Let k(n) = -5*n**3 + 37*n**2 - 37*n + 14. Calculate k(7).
-147
Let l(a) = a**2 + 31*a + 293. Determine l(-20).
73
Let s(v) = -5*v - 355. What is s(-69)?
-10
Let l(f) = 163*f - 4080. Give l(25).
-5
Let c(d) = -d**3 - 9*d**2 - 5*d + 27. Calculate c(-7).
-36
Let d(g) = 2*g**3 - 39*g**2 + 195*g - 582. Give d(14).
-8
Let o(i) = 12*i**2 - 2140*i + 7004. Give o(175).
4
Let t(l) = -4*l**3 - 17*l**2 - 7*l + 24. What is t(-3)?
0
Let s(n) = -107*n - 1881. What is s(-13)?
-490
Let k(m) = -8*m + 455. What is k(104)?
-377
Let y(v) = v**3 - 62*v**2 - 1379*v + 2860. Determine y(79).
16
Let j(d) = 2*d**2 + 48*d - 553. Give j(-33).
41
Let y(b) = -4232*b - 33858. Calculate y(-8).
-2
Let a(c) = -195*c + 10924. Give a(56).
4
Let z(j) = -7*j**2 - 19*j + 50. Calculate z(3).
-70
Let q(h) = -h**2 + 30*h + 643. Determine q(-15).
-32
Let b(c) = 87*c + 416. Determine b(-5).
-19
Let t(j) = -j**3 + 13*j + 57. Give t(5).
-3
Let x(d) = -d**3 + 7*d**2 - 8*d - 22. What is x(5)?
-12
Let g(s) = -s**3 - 9*s**2 + 198*s + 1932. Calculate g(-11).
-4
Let k(t) = 2*t**3 + 10*t**2 - 7*t + 10. Determine k(-5).
45
Let y(a) = -6*a - 196. Give y(-14).
-112
Let g(m) = m**3 - 83*m**2 - 631*m - 4. Determine g(90).
-94
Let t(l) = -l**2 + 56*l + 744. Determine t(-11).
7
Let o(p) = -p**2 + 12*p + 28. Calculate o(14).
0
Let a(m) = 3*m - 150. Calculate a(-3).
-159
Let f(c) = -c**3 + 276*c**2 + 1122*c - 10. Calculate f(-4).
-18
Let o(p) = 4*p**2 - 18*p - 139. Calculate o(-5).
51
Let n(g) = 236*g - 711. Calculate n(3).
-3
Let q(r) = -r**3 - 93*r**2 - 191*r - 765. What is q(-91)?
54
Let r(d) = d**3 - d**2 + 3*d + 81. What is r(0)?
81
Let p(m) = -m**3 + 8*m**2 + 90*m + 19. Calculate p(15).
-206
Let q(g) = -g**3 - 25*g**2 - 57*g + 49. Calculate q(-22).
-149
Let d(l) = -129*l - 384. Determine d(-3).
3
Let i(p) = -54*p - 1526. What is i(-26)?
-122
Let r(y) = 2*y**3 + 50*y**2 + 131*y - 50. Give r(-22).
-28
Let r(k) = -k**3 - 11*k**2 + 11*k + 17. Calculate r(-9).
-244
Let k(d) = -249*d - 13451. Calculate k(-54).
-5
Let y(r) = -r**3 + 20*r**2 - 13*r - 112. Give y(19).
2
Let l(o) = 62*o - 22. Give l(-1).
-84
Let z(d) = 45*d + 321. Determine z(-7).
6
Let v(o) = -3*o + 353. What is v(95)?
68
Let j(s) = 1097*s - 74590. What is j(68)?
6
Let a(o) = 8*o**2 - 419*o - 234. What is a(53)?
31
Let v(u) = -20*u - 75. Give v(-7).
65
Let c(j) = -j**2 + 481*j + 10038. Give c(-20).
18
Let j(u) = -115*u - 373. Determine j(-3).
-28
Let o(n) = n**2 - 31*n - 390. What is o(-10)?
20
Let n(o) = -258*o + 7726. Calculate n(30).
-14
Let i(l) = -237*l**2 + 1. What is i(-1)?
-236
Let j(i) = 48*i**3 - 3*i**2 - 2. Give j(1).
43
Let t(f) = -10*f**3 - 11*f**2 - 25*f - 17. Calculate t(-3).
229
Let g(x) = -21843*x + 262112. What is g(12)?
-4
Let c(f) = -f**3 - 7*f**2 - 35*f - 127. Calculate c(-5).
-2
Let g(r) = r**3 + 4*r**2 + 6*r - 10. Calculate g(-4).
-34
Let m(r) = 39*r - 553. Calculate m(13).
-46
Let b(l) = 16*l + 326. What is b(-20)?
6
Let l(k) = 1324*k + 2653. Give l(-2).
5
Let r(a) = a**3 - 61*a**2 - 334*a + 111. What is r(66)?
-153
Let z(p) = -3*p**3 - 40*p**2 - 13*p + 1. Give z(-13).
1
Let a(l) = -3469*l - 72853. Calculate a(-21).
-4
Let p(s) = s**3 + 21*s**2 - 270*s - 5669. Determine p(-21).
1
Let w(h) = 157*h**2 + 183*h. Give w(-1).
-26
Let q(x) = -x**2 + 151*x + 21690. What is q(-90)?
0
Let l(y) = -6*y**2 + 72*y - 276. Determine l(4).
-84
Let y(h) = -h**2 - 57*h + 4749. Calculate y(-103).
11
Let v(q) = -1174*q - 45795. Give v(-39).
-9
Let y(p) = 110*p + 700. What is y(-11)?
-510
Let h(j) = j**2 - 159*j + 1220. Determine h(8).
12
Let v(m) = -2*m**3 - 140*m**2 - 136*m + 94. Determine v(-69).
-44
Let x(i) = -7*i**2 + 95*i - 54. Determine x(9).
234
Let k(b) = b**3 + 10*b**2 - 26*b + 21. Determine k(-13).
-148
Let w(x) = -x**2 - 15*x + 2121. What is w(-54)?
15
Let m(s) = -44*s - 576. Give m(-17).
172
Let g(w) = -w**3 + 23*w**2 + 20*w + 97. What is g(24)?
1
Let g(i) = -579*i - 2320. Determine g(-4).
-4
Let j(b) = -7*b**2 + 166*b - 858. What is j(16)?
6
Let o(n) = 4*n**3 - 36*n**2 + 36*n - 41. Give o(8).
-9
Let c(x) = x**2 - 1597*x - 14459. Calculate c(-9).
-5
Let p(f) = 199*f - 1440. Give p(7).
-47
Let i(b) = 9*b**2 + 606*b + 6477. Give i(-54).
-3
Let n(a) = -a**3 + 17*a**2 - 9*a - 77. Calculate n(16).
35
Let p(w) = -6161*w - 30803. Give p(-5).
2
Let t(u) = -u**3 - 22*u**2 - 24*u - 41. Determine t(-21).
22
Let c(k) = 163*k - 3032. Calculate c(19).
65
Let m(t) = 2*t**2 - 8*t - 3. Determine m(-4).
61
Let x(m) = 3*m**2 - 28*m - 54. What is x(11)?
1
Let d(n) = -n**3 - 21*n**2 + 4*n + 55. Determine d(-21).
-29
Let a(o) = 5*o**2 - 270*o + 533. Calculate a(2).
13
Let n(j) = j**2 - 46*j - 232. Calculate n(51).
23
Let n(q) = 2*q - 208. Give n(6).
-196
Let q(l) = -7*l + 32. What is q(17)?
-87
Let c(f) = f**2 - 11*f - 10. What is c(8)?
-34
Let s(b) = -4*b**2 - 32*b + 63. Determine s(2).
-17
Let j(g) = 294*g + 3406. What is j(-12)?
-122
Let o(p) = -4*p**3 - 135*p**2 + 38*p + 140. Determine o(-34).
4
Let d(m) = 2*m**2 - 88*m - 72. Calculate d(45).
18
Let q(j) = -j**3 - 19*j**2 - 4*j - 93. Calculate q(-19).
-17
Let q(c) = 393*c - 17301. Calculate q(44).
-9
Let t(c) = -c**3 + 30*c**2 - 67*c + 316. Determine t(28).
8
Let c(h) = h + 1. Give c(13).
14
Let h(r) = 8*r + 440. Give h(-29).
208
Let u(v) = 2*v**3 - 48*v**2 + 2*v - 71. Determine u(24).
-23
Let s(i) = i**2 + 40*i + 265. Calculate s(-12).
-71
Let z(l) = l**3 + 29*l**2 - 175*l - 169. Give z(-34).
1
Let a(p) = -89*p - 1601. Calculate a(-18).
1
Let b(y) = 6*y - 1512. What is b(77)?
-1050
Let k(q) = -2*q**3 - 14*q**2 - 13*q - 3. Determine k(-6).
3
Let x(q) = -102*q + 589. What is x(6)?
-23
Let n(s) = -s**3 - 23*s**2 - 149*s - 193. Determine n(-10).
-3
Let l(o) = -o**3 + 16*o**2 + 91*o + 266. What is l(21)?
-28
Let r(m) = m**3 - 3*m**2 + 6*m + 146. Determine r(0).
146
Let k(l) = l**3 - 4*l**2 - 27*l - 42. Give k(8).
-2
Let f(h) = -19*h**2 - 25*h - 2. Give f(-2).
-28
Let z(l) = l**3 + 26*l**2 - 36*l - 83. Determine z(-27).
160
Let i(k) = 59*k + 453. Determine i(-8).
-19
Let o(m) = -m**2 - 15*m - 41. Calculate o(-4).
3
Let j(h) = -17*h - 225. Give j(-13).
-4
Let b(o) = -135*o**2 + 15*o - 11. Calculate b(-2).
-581
Let d(j) = -71*j**2 + 196. What is d(0)?
196
Let a(r) = 2*r**2 + 17*r - 308. Give a(-22).
286
Let y(n) = -n**3 + 46*n**2 + 500*n - 288. What is y(55)?
-13
Let u(v) = -v**2 + 56*v + 1571. Calculate u(-20).
51
Let l(q) = q**3 - 22*q**2 + 56*q + 11. What is l(3)?
8
Let h(n) = n**3 + 29*n**2 + 33*n + 339. Give h(-28).
199
Let d(n) = -3*n**2 + 6*n + 9. Determine d(7).
-96
Let d(z) = 47*z + 9896. What is d(-211)?
-21
Let w(l) = -3*l**3 + 414*l**2 + 1273*l - 564. Give w(141).
0
Let l(n) = -n**3 + 223*n**2 + 676*n - 2. Calculate l(-3).
4
Let o(t) = -t**3 + 3*t**2 + t + 30. Give o(5).
-15
Let a(x) = -6*x**2 + 43*x - 34. Calculate a(6).
8
Let w(h) = h**3 - 35*h**2 - 65*h - 280. Determine w(37).
53
Let f(z) = -z**2 + 32*z + 59. Calculate f(42).
-361
Let x(o) = -9*o**2 + 1676*o - 383. Determine x(186).
-11
Let m(w) = -26*w**2 + 176*w + 43. What is m(7)?
1
Let w(p) = p**3 + 13*p**2 + 45*p + 24. Calculate w(-9).
-57
Let y(t) = 3*t**2 - 269*t - 1950. Give y(-7).
80
Let h(g) = g**3 + 7*g**2 - 260*g - 18. Give h(13).
-18
Let y(v) = v**2 + v + 5. Determine y(3).
17
Let h(b) = 184*b + 1138. Calculate h(-6).
34
Let k(i) = 10*i - 44. Calculate k(-11).
-154
Let k(m) = m**3 + 29*m**2 - 295*m + 91. Give k(-37).
54
Let g(w) = w**3 - 17*w**2 - 23*w + 86. What is g(18)?
-4
Let t(a) = -13*a + 56. Give t(3).
17
Let d(w) = 21*w**2 - 7*w - 9. Determine d(-3).
201
Let n(g) = g**3 - 27*g + 38. Give n(6).
92
Let r(y) = 4*y**2 - 98*y - 383. Give r(28).
9
Let p(t) = 13*t**2 - 329*t + 50. Give p(25).
-50
Let u(w) = 2*w**3 + 147*w**2 + 355*w - 21. What is u(-71)?
-21
Let i(o) = -30*o + 528. Calculate i(18).
-12
Let n(k) = -k**3 - 33*k**2 + 24*k - 335. What is n(-34)?
5
Let i(n) = 17*n**2 - 969*n + 6. Calculate i(57).
6
Let q(u) = -8*u - 167. Determine q(-20).
-7
Let j(w) = 9306*w - 46533. Determine j(5).
-3
Let j(s) = 2*s**3 + 3*s**2 - 5049*s - 4. Determine j(-51).
-4
Let a(m) = m**3 - 9*m**2 + 85. Calculate a(7).
-13
Let w(b) = -10*b**3 + 2*b**2 + 46*b - 46. Give w(1).
-8
Let a(f) = -2*f**3 + 67*f**2 + 11*f + 786. Determine a(34).
4
Let f(x) = -x**3 + 5*x**2 + 4*x + 1